n 69068 is divided by 25.
18
What is the remainder when 46753 is divided by 6?
1
What is the remainder when 81622 is divided by 45?
37
Calculate the remainder when 1061 is divided by 44.
5
Calculate the remainder when 14259 is divided by 529.
505
Calculate the remainder when 6285 is divided by 242.
235
Calculate the remainder when 10278 is divided by 194.
190
Calculate the remainder when 3185489 is divided by 985.
984
Calculate the remainder when 8375 is divided by 21.
17
What is the remainder when 24866 is divided by 732?
710
What is the remainder when 9907 is divided by 783?
511
What is the remainder when 191020 is divided by 96?
76
Calculate the remainder when 101622 is divided by 101578.
44
What is the remainder when 88113 is divided by 42?
39
Calculate the remainder when 2741045 is divided by 374.
373
What is the remainder when 714 is divided by 174?
18
What is the remainder when 34861 is divided by 17430?
1
Calculate the remainder when 4884 is divided by 419.
275
What is the remainder when 31900 is divided by 10618?
46
What is the remainder when 119520 is divided by 26?
24
Calculate the remainder when 52888 is divided by 227.
224
Calculate the remainder when 16677 is divided by 2198.
1291
Calculate the remainder when 1283 is divided by 180.
23
Calculate the remainder when 11619 is divided by 125.
119
What is the remainder when 3422 is divided by 861?
839
What is the remainder when 1391 is divided by 1209?
182
What is the remainder when 10426 is divided by 801?
13
What is the remainder when 5102 is divided by 104?
6
Calculate the remainder when 11191 is divided by 112.
103
What is the remainder when 81117 is divided by 65?
62
Calculate the remainder when 10355 is divided by 10339.
16
Calculate the remainder when 149416 is divided by 124.
120
What is the remainder when 1513 is divided by 253?
248
Calculate the remainder when 4314 is divided by 50.
14
What is the remainder when 15435 is divided by 78?
69
Calculate the remainder when 7287 is divided by 7.
0
Calculate the remainder when 392703 is divided by 78540.
3
What is the remainder when 2919 is divided by 195?
189
Calculate the remainder when 8167 is divided by 12.
7
What is the remainder when 6207 is divided by 15?
12
What is the remainder when 21145 is divided by 188?
89
What is the remainder when 136076 is divided by 30?
26
What is the remainder when 3490 is divided by 1138?
76
Calculate the remainder when 2218 is divided by 156.
34
What is the remainder when 2590 is divided by 286?
16
Calculate the remainder when 8905 is divided by 4412.
81
What is the remainder when 2234 is divided by 167?
63
Calculate the remainder when 58901 is divided by 315.
311
Calculate the remainder when 399098 is divided by 133028.
14
Calculate the remainder when 2340 is divided by 107.
93
Calculate the remainder when 13339 is divided by 1027.
1015
Calculate the remainder when 467063 is divided by 1011.
992
Calculate the remainder when 28906 is divided by 119.
108
Calculate the remainder when 44007 is divided by 4400.
7
What is the remainder when 27443 is divided by 122?
115
Calculate the remainder when 1397 is divided by 65.
32
What is the remainder when 9375 is divided by 369?
150
What is the remainder when 108369 is divided by 140?
9
Calculate the remainder when 237458 is divided by 8188.
6
What is the remainder when 1495 is divided by 72?
55
Calculate the remainder when 111605 is divided by 55792.
21
Calculate the remainder when 158766 is divided by 37.
36
What is the remainder when 2202 is divided by 1094?
14
What is the remainder when 36571 is divided by 12153?
112
Calculate the remainder when 6818 is divided by 430.
368
Calculate the remainder when 585918 is divided by 169.
164
Calculate the remainder when 1502 is divided by 125.
2
Calculate the remainder when 49640 is divided by 63.
59
What is the remainder when 136957 is divided by 274?
231
Calculate the remainder when 199169 is divided by 30.
29
Calculate the remainder when 9687 is divided by 3171.
174
What is the remainder when 8016 is divided by 7891?
125
Calculate the remainder when 614 is divided by 375.
239
Calculate the remainder when 28900 is divided by 123.
118
What is the remainder when 1973 is divided by 39?
23
Calculate the remainder when 35465 is divided by 35393.
72
Calculate the remainder when 1198986 is divided by 367.
364
Calculate the remainder when 15003 is divided by 1153.
14
What is the remainder when 27449 is divided by 9123?
80
Calculate the remainder when 407976 is divided by 317.
314
Calculate the remainder when 1459554 is divided by 11.
8
Calculate the remainder when 172996 is divided by 901.
4
What is the remainder when 63902 is divided by 243?
236
Calculate the remainder when 1155592 is divided by 385193.
13
What is the remainder when 12292 is divided by 1224?
52
What is the remainder when 52064 is divided by 964?
8
What is the remainder when 13221 is divided by 37?
12
What is the remainder when 2860 is divided by 402?
46
Calculate the remainder when 216287 is divided by 72076.
59
What is the remainder when 23412 is divided by 116?
96
Calculate the remainder when 2226 is divided by 326.
270
Calculate the remainder when 2821 is divided by 161.
84
Calculate the remainder when 10105 is divided by 62.
61
Calculate the remainder when 2587985 is divided by 591.
587
Calculate the remainder when 4651 is divided by 449.
161
Calculate the remainder when 3690 is divided by 205.
0
What is the remainder when 4057 is divided by 49?
39
What is the remainder when 9401 is divided by 721?
28
Calculate the remainder when 530433 is divided by 530423.
10
What is the remainder when 26854 is divided by 148?
66
What is the remainder when 3477 is divided by 205?
197
Calculate the remainder when 1482 is divided by 1473.
9
What is the remainder when 502 is divided by 182?
138
Calculate the remainder when 8850 is divided by 375.
225
What is the remainder when 1824 is divided by 166?
164
What is the remainder when 2433 is divided by 88?
57
What is the remainder when 6361 is divided by 80?
41
What is the remainder when 79234 is divided by 79195?
39
Calculate the remainder when 47734 is divided by 23861.
12
What is the remainder when 860 is divided by 617?
243
Calculate the remainder when 12279 is divided by 877.
1
What is the remainder when 10958 is divided by 1240?
1038
Calculate the remainder when 1211 is divided by 154.
133
Calculate the remainder when 648790 is divided by 12.
10
What is the remainder when 40196 is divided by 263?
220
What is the remainder when 445231 is divided by 85?
1
What is the remainder when 6906 is divided by 7?
4
What is the remainder when 57614 is divided by 297?
293
What is the remainder when 10167 is divided by 101?
67
What is the remainder when 18544 is divided by 3706?
14
What is the remainder when 5763 is divided by 1897?
72
What is the remainder when 6132 is divided by 4?
0
What is the remainder when 224 is divided by 47?
36
What is the remainder when 16476 is divided by 4114?
20
What is the remainder when 204607 is divided by 74?
71
What is the remainder when 35657 is divided by 36?
17
Calculate the remainder when 370346 is divided by 50.
46
What is the remainder when 1098 is divided by 5?
3
Calculate the remainder when 40460 is divided by 302.
294
What is the remainder when 112869 is divided by 37605?
54
What is the remainder when 46651 is divided by 11661?
7
What is the remainder when 10750 is divided by 617?
261
Calculate the remainder when 6597 is divided by 6596.
1
What is the remainder when 12608 is divided by 31?
22
What is the remainder when 97502 is divided by 99?
86
What is the remainder when 7082 is divided by 3525?
32
What is the remainder when 3863325 is divided by 32?
29
Calculate the remainder when 9683 is divided by 76.
31
Calculate the remainder when 15664 is divided by 163.
16
What is the remainder when 4805 is divided by 2337?
131
What is the remainder when 19637 is divided by 41?
39
Calculate the remainder when 128392 is divided by 63.
61
Calculate the remainder when 6303 is divided by 73.
25
What is the remainder when 21782 is divided by 14?
12
What is the remainder when 3932 is divided by 62?
26
Calculate the remainder when 72524 is divided by 89.
78
What is the remainder when 10790 is di